{"id":376,"date":"2024-02-02T10:42:46","date_gmt":"2024-02-02T09:42:46","guid":{"rendered":"https:\/\/cabanon-marseille.fr\/?page_id=376"},"modified":"2026-03-15T17:02:27","modified_gmt":"2026-03-15T16:02:27","slug":"resa-direct","status":"publish","type":"page","link":"https:\/\/cabanon-marseille.fr\/index.php\/resa-direct\/","title":{"rendered":"R\u00e9servation en direct : plus de disponibilit\u00e9s que sur airbnb et c&rsquo;est moins cher !"},"content":{"rendered":"\n<h4 class=\"wp-block-heading\">Pour r\u00e9server veuillez cliquer sur une date disponible (dates en vert). <strong><em>Rouge ou gris = non disponible \/ Vert = disponible \/ blanc = non r\u00e9servable pour le moment<\/em><\/strong><\/h4>\n\n\n<style>\n       .errordiv { padding:10px; margin:10px; border: 1px solid #555555;color: #000000;background-color: #f8f8f8; width:500px; }#advanced_iframe {visibility:visible;opacity:1;vertical-align:top;}.ai-info-bottom-iframe { position: fixed; z-index: 10000; bottom:0; left: 0; margin: 0px; text-align: center; width: 100%; background-color: #ff9999; padding-left: 5px;padding-bottom: 5px; border-top: 1px solid #aaa } a.ai-bold {font-weight: bold;}#ai-layer-div-advanced_iframe p {height:100%;margin:0;padding:0}<\/style><script type=\"text\/javascript\">var ai_iframe_width_advanced_iframe = 0;var ai_iframe_height_advanced_iframe = 0;function aiReceiveMessageadvanced_iframe(event) {  aiProcessMessage(event,\"advanced_iframe\", \"true\");}if (window.addEventListener) {  window.addEventListener(\"message\", aiReceiveMessageadvanced_iframe);} else if (el.attachEvent)  {  el.attachEvent(\"message\", aiReceiveMessageadvanced_iframe);}var aiOnloadScrollTop=\"true\";var aiShowDebug=false;\n\t\tif (typeof aiReadyCallbacks === 'undefined') {\n\t\t\tvar aiReadyCallbacks = [];\n\t\t} else if (!(aiReadyCallbacks instanceof Array)) {\n\t\t\tvar aiReadyCallbacks = [];\n\t\t}    function aiShowIframeId(id_iframe) { jQuery(\"#\"+id_iframe).css(\"visibility\", \"visible\");    }    function aiResizeIframeHeight(height) { aiResizeIframeHeight(height,advanced_iframe); }    function aiResizeIframeHeightId(height,width,id) {aiResizeIframeHeightById(id,height);}<\/script><iframe id=\"advanced_iframe\"  name=\"advanced_iframe\"  src=\"https:\/\/gite-et-bien.fr\/gestion\/geb_widget.php?r=QVhNRlpnZ2xBM0pUYndNMFUzSlNOZ1FmV3hzQ0YxY2xXMmNFVDFaL1ZSWU9UMVFaRFNFSFYxSTBVaVVFR0ZRc0F5WU9kUUE0QjJNT01WUWFVRGNGUkFGMUJVNEliQU5QVXlRPQ%3D%3D\"  width=\"100%\"  height=\"600\"  frameborder=\"0\"  border=\"0\"  allowtransparency=\"true\"  loading=\"lazy\"  style=\";border-width: 0px;;border: none;;width:100%;height:600px;\" ><\/iframe><script type=\"text\/javascript\">var ifrm_advanced_iframe = document.getElementById(\"advanced_iframe\");var hiddenTabsDoneadvanced_iframe = false;\nfunction resizeCallbackadvanced_iframe() {}<\/script><script type=\"text\/javascript\"><\/script><p style=\"display:block !important; visibility:visible !important;margin: -18px 14px 0 0;padding-left: 3px;padding-top:3px;background: white; overflow: hidden; position: relative; line-height:15px;width: fit-content;\"><small style=\"display:block !important;visibility:visible !important\">powered by Advanced iFrame<\/small><\/p>\n","protected":false},"excerpt":{"rendered":"<p>Pour r\u00e9server veuillez cliquer sur une date disponible (dates en vert). Rouge ou gris = non disponible \/ Vert = disponible \/ blanc = non r\u00e9servable pour le moment<\/p>\n","protected":false},"author":1,"featured_media":0,"parent":0,"menu_order":0,"comment_status":"closed","ping_status":"closed","template":"","meta":{"footnotes":""},"class_list":["post-376","page","type-page","status-publish","hentry"],"yoast_head":"<!-- This site is optimized with the Yoast SEO plugin v27.4 - https:\/\/yoast.com\/product\/yoast-seo-wordpress\/ -->\n<title>Cabanon de p\u00eacheur \u00e0 Marseille sur la plage<\/title>\n<meta name=\"description\" content=\"Location cabanon de p\u00eacheur \u00e0 Marseille sur la plage. Location de vacances bord de mer. Location saisonni\u00e8re bord de mer \u00e0 Marseille\" \/>\n<meta name=\"robots\" content=\"index, follow, max-snippet:-1, max-image-preview:large, max-video-preview:-1\" \/>\n<link rel=\"canonical\" href=\"https:\/\/cabanon-marseille.fr\/index.php\/resa-direct\/\" \/>\n<meta property=\"og:locale\" content=\"fr_FR\" \/>\n<meta property=\"og:type\" content=\"article\" \/>\n<meta property=\"og:title\" content=\"Cabanon de p\u00eacheur \u00e0 Marseille sur la plage\" \/>\n<meta property=\"og:description\" content=\"Location cabanon de p\u00eacheur \u00e0 Marseille sur la plage. Location de vacances bord de mer. Location saisonni\u00e8re bord de mer \u00e0 Marseille\" \/>\n<meta property=\"og:url\" content=\"https:\/\/cabanon-marseille.fr\/index.php\/resa-direct\/\" \/>\n<meta property=\"og:site_name\" content=\"Cabanon de p\u00eacheur \u00e0 Marseille, en bord de mer\" \/>\n<meta property=\"article:modified_time\" content=\"2026-03-15T16:02:27+00:00\" \/>\n<meta property=\"og:image\" content=\"https:\/\/cabanon-marseille.fr\/wp-content\/uploads\/2023\/05\/cropped-cropped-img_2050-2-scaled-1.jpeg\" \/>\n\t<meta property=\"og:image:width\" content=\"2000\" \/>\n\t<meta property=\"og:image:height\" content=\"1200\" \/>\n\t<meta property=\"og:image:type\" content=\"image\/jpeg\" \/>\n<meta name=\"twitter:card\" content=\"summary_large_image\" \/>\n<meta name=\"twitter:label1\" content=\"Dur\u00e9e de lecture estim\u00e9e\" \/>\n\t<meta name=\"twitter:data1\" content=\"1 minute\" \/>\n<script type=\"application\/ld+json\" class=\"yoast-schema-graph\">{\"@context\":\"https:\\\/\\\/schema.org\",\"@graph\":[{\"@type\":\"WebPage\",\"@id\":\"https:\\\/\\\/cabanon-marseille.fr\\\/index.php\\\/resa-direct\\\/\",\"url\":\"https:\\\/\\\/cabanon-marseille.fr\\\/index.php\\\/resa-direct\\\/\",\"name\":\"Cabanon de p\u00eacheur \u00e0 Marseille sur la plage\",\"isPartOf\":{\"@id\":\"https:\\\/\\\/cabanon-marseille.fr\\\/#website\"},\"datePublished\":\"2024-02-02T09:42:46+00:00\",\"dateModified\":\"2026-03-15T16:02:27+00:00\",\"description\":\"Location cabanon de p\u00eacheur \u00e0 Marseille sur la plage. Location de vacances bord de mer. Location saisonni\u00e8re bord de mer \u00e0 Marseille\",\"breadcrumb\":{\"@id\":\"https:\\\/\\\/cabanon-marseille.fr\\\/index.php\\\/resa-direct\\\/#breadcrumb\"},\"inLanguage\":\"fr-FR\",\"potentialAction\":[{\"@type\":\"ReadAction\",\"target\":[\"https:\\\/\\\/cabanon-marseille.fr\\\/index.php\\\/resa-direct\\\/\"]}]},{\"@type\":\"BreadcrumbList\",\"@id\":\"https:\\\/\\\/cabanon-marseille.fr\\\/index.php\\\/resa-direct\\\/#breadcrumb\",\"itemListElement\":[{\"@type\":\"ListItem\",\"position\":1,\"name\":\"Accueil\",\"item\":\"https:\\\/\\\/cabanon-marseille.fr\\\/\"},{\"@type\":\"ListItem\",\"position\":2,\"name\":\"R\u00e9servation en direct : plus de disponibilit\u00e9s que sur airbnb et c&rsquo;est moins cher !\"}]},{\"@type\":\"WebSite\",\"@id\":\"https:\\\/\\\/cabanon-marseille.fr\\\/#website\",\"url\":\"https:\\\/\\\/cabanon-marseille.fr\\\/\",\"name\":\"Cabanon de p\u00eacheur \u00e0 Marseille, en bord de mer\",\"description\":\"Au plus pr\u00e8s de la mer, face aux couchers de soleil sur les iles du Frioul. Magique !\",\"publisher\":{\"@id\":\"https:\\\/\\\/cabanon-marseille.fr\\\/#organization\"},\"alternateName\":\"location saisonni\u00e8re Marseille bord de mer, sur la plage\",\"potentialAction\":[{\"@type\":\"SearchAction\",\"target\":{\"@type\":\"EntryPoint\",\"urlTemplate\":\"https:\\\/\\\/cabanon-marseille.fr\\\/?s={search_term_string}\"},\"query-input\":{\"@type\":\"PropertyValueSpecification\",\"valueRequired\":true,\"valueName\":\"search_term_string\"}}],\"inLanguage\":\"fr-FR\"},{\"@type\":\"Organization\",\"@id\":\"https:\\\/\\\/cabanon-marseille.fr\\\/#organization\",\"name\":\"Cabanon de p\u00eacheur \u00e0 Marseille, en bord de mer\",\"url\":\"https:\\\/\\\/cabanon-marseille.fr\\\/\",\"logo\":{\"@type\":\"ImageObject\",\"inLanguage\":\"fr-FR\",\"@id\":\"https:\\\/\\\/cabanon-marseille.fr\\\/#\\\/schema\\\/logo\\\/image\\\/\",\"url\":\"https:\\\/\\\/cabanon-marseille.fr\\\/wp-content\\\/uploads\\\/2023\\\/05\\\/cropped-cropped-img_2050-2-scaled-1.jpeg\",\"contentUrl\":\"https:\\\/\\\/cabanon-marseille.fr\\\/wp-content\\\/uploads\\\/2023\\\/05\\\/cropped-cropped-img_2050-2-scaled-1.jpeg\",\"width\":2000,\"height\":1200,\"caption\":\"Cabanon de p\u00eacheur \u00e0 Marseille, en bord de mer\"},\"image\":{\"@id\":\"https:\\\/\\\/cabanon-marseille.fr\\\/#\\\/schema\\\/logo\\\/image\\\/\"}}]}<\/script>\n<!-- \/ Yoast SEO plugin. -->","yoast_head_json":{"title":"Cabanon de p\u00eacheur \u00e0 Marseille sur la plage","description":"Location cabanon de p\u00eacheur \u00e0 Marseille sur la plage. Location de vacances bord de mer. Location saisonni\u00e8re bord de mer \u00e0 Marseille","robots":{"index":"index","follow":"follow","max-snippet":"max-snippet:-1","max-image-preview":"max-image-preview:large","max-video-preview":"max-video-preview:-1"},"canonical":"https:\/\/cabanon-marseille.fr\/index.php\/resa-direct\/","og_locale":"fr_FR","og_type":"article","og_title":"Cabanon de p\u00eacheur \u00e0 Marseille sur la plage","og_description":"Location cabanon de p\u00eacheur \u00e0 Marseille sur la plage. Location de vacances bord de mer. Location saisonni\u00e8re bord de mer \u00e0 Marseille","og_url":"https:\/\/cabanon-marseille.fr\/index.php\/resa-direct\/","og_site_name":"Cabanon de p\u00eacheur \u00e0 Marseille, en bord de mer","article_modified_time":"2026-03-15T16:02:27+00:00","og_image":[{"width":2000,"height":1200,"url":"https:\/\/cabanon-marseille.fr\/wp-content\/uploads\/2023\/05\/cropped-cropped-img_2050-2-scaled-1.jpeg","type":"image\/jpeg"}],"twitter_card":"summary_large_image","twitter_misc":{"Dur\u00e9e de lecture estim\u00e9e":"1 minute"},"schema":{"@context":"https:\/\/schema.org","@graph":[{"@type":"WebPage","@id":"https:\/\/cabanon-marseille.fr\/index.php\/resa-direct\/","url":"https:\/\/cabanon-marseille.fr\/index.php\/resa-direct\/","name":"Cabanon de p\u00eacheur \u00e0 Marseille sur la plage","isPartOf":{"@id":"https:\/\/cabanon-marseille.fr\/#website"},"datePublished":"2024-02-02T09:42:46+00:00","dateModified":"2026-03-15T16:02:27+00:00","description":"Location cabanon de p\u00eacheur \u00e0 Marseille sur la plage. Location de vacances bord de mer. Location saisonni\u00e8re bord de mer \u00e0 Marseille","breadcrumb":{"@id":"https:\/\/cabanon-marseille.fr\/index.php\/resa-direct\/#breadcrumb"},"inLanguage":"fr-FR","potentialAction":[{"@type":"ReadAction","target":["https:\/\/cabanon-marseille.fr\/index.php\/resa-direct\/"]}]},{"@type":"BreadcrumbList","@id":"https:\/\/cabanon-marseille.fr\/index.php\/resa-direct\/#breadcrumb","itemListElement":[{"@type":"ListItem","position":1,"name":"Accueil","item":"https:\/\/cabanon-marseille.fr\/"},{"@type":"ListItem","position":2,"name":"R\u00e9servation en direct : plus de disponibilit\u00e9s que sur airbnb et c&rsquo;est moins cher !"}]},{"@type":"WebSite","@id":"https:\/\/cabanon-marseille.fr\/#website","url":"https:\/\/cabanon-marseille.fr\/","name":"Cabanon de p\u00eacheur \u00e0 Marseille, en bord de mer","description":"Au plus pr\u00e8s de la mer, face aux couchers de soleil sur les iles du Frioul. Magique !","publisher":{"@id":"https:\/\/cabanon-marseille.fr\/#organization"},"alternateName":"location saisonni\u00e8re Marseille bord de mer, sur la plage","potentialAction":[{"@type":"SearchAction","target":{"@type":"EntryPoint","urlTemplate":"https:\/\/cabanon-marseille.fr\/?s={search_term_string}"},"query-input":{"@type":"PropertyValueSpecification","valueRequired":true,"valueName":"search_term_string"}}],"inLanguage":"fr-FR"},{"@type":"Organization","@id":"https:\/\/cabanon-marseille.fr\/#organization","name":"Cabanon de p\u00eacheur \u00e0 Marseille, en bord de mer","url":"https:\/\/cabanon-marseille.fr\/","logo":{"@type":"ImageObject","inLanguage":"fr-FR","@id":"https:\/\/cabanon-marseille.fr\/#\/schema\/logo\/image\/","url":"https:\/\/cabanon-marseille.fr\/wp-content\/uploads\/2023\/05\/cropped-cropped-img_2050-2-scaled-1.jpeg","contentUrl":"https:\/\/cabanon-marseille.fr\/wp-content\/uploads\/2023\/05\/cropped-cropped-img_2050-2-scaled-1.jpeg","width":2000,"height":1200,"caption":"Cabanon de p\u00eacheur \u00e0 Marseille, en bord de mer"},"image":{"@id":"https:\/\/cabanon-marseille.fr\/#\/schema\/logo\/image\/"}}]}},"_links":{"self":[{"href":"https:\/\/cabanon-marseille.fr\/index.php\/wp-json\/wp\/v2\/pages\/376","targetHints":{"allow":["GET"]}}],"collection":[{"href":"https:\/\/cabanon-marseille.fr\/index.php\/wp-json\/wp\/v2\/pages"}],"about":[{"href":"https:\/\/cabanon-marseille.fr\/index.php\/wp-json\/wp\/v2\/types\/page"}],"author":[{"embeddable":true,"href":"https:\/\/cabanon-marseille.fr\/index.php\/wp-json\/wp\/v2\/users\/1"}],"replies":[{"embeddable":true,"href":"https:\/\/cabanon-marseille.fr\/index.php\/wp-json\/wp\/v2\/comments?post=376"}],"version-history":[{"count":127,"href":"https:\/\/cabanon-marseille.fr\/index.php\/wp-json\/wp\/v2\/pages\/376\/revisions"}],"predecessor-version":[{"id":852,"href":"https:\/\/cabanon-marseille.fr\/index.php\/wp-json\/wp\/v2\/pages\/376\/revisions\/852"}],"wp:attachment":[{"href":"https:\/\/cabanon-marseille.fr\/index.php\/wp-json\/wp\/v2\/media?parent=376"}],"curies":[{"name":"wp","href":"https:\/\/api.w.org\/{rel}","templated":true}]}}